
Is 290688 a multiple of 64?
True
Is 2086872 a multiple of 49?
False
Is 1450713 a multiple of 30?
False
Is 137280 a multiple of 80?
True
Is 27357188 a multiple of 10?
False
Is 159588 a multiple of 11?
True
Is 18935984 a multiple of 568?
True
Does 1193 divide 4066700?
False
Is 2623496 a multiple of 353?
True
Is 29256 a multiple of 92?
True
Is 4509430 a multiple of 57?
False
Does 64 divide 20129755?
False
Is 19 a factor of 196780?
False
Does 18 divide 1784483?
False
Is 12 a factor of 234984?
True
Does 19 divide 6545215?
True
Does 11 divide 422851?
True
Does 13 divide 27518504?
True
Is 228786 a multiple of 6?
True
Is 1086649 a multiple of 4?
False
Is 64 a factor of 4683392?
True
Is 267 a factor of 684009?
False
Does 1282 divide 3159886?
False
Is 2465316 a multiple of 18?
True
Is 6783997 a multiple of 67?
False
Is 74 a factor of 378880?
True
Is 26111 a multiple of 30?
False
Is 52160 a multiple of 40?
True
Does 6 divide 249716?
False
Is 58266 a multiple of 54?
True
Does 74 divide 947200?
True
Does 10 divide 27998?
False
Does 91 divide 1699243?
True
Is 732 a factor of 2897272?
False
Does 15 divide 73665?
True
Is 2225849 a multiple of 134?
False
Is 50 a factor of 365870?
False
Does 729 divide 1275848?
False
Is 4 a factor of 218163?
False
Is 21 a factor of 158652?
False
Is 163 a factor of 6542275?
False
Does 156 divide 16841?
False
Is 147389 a multiple of 11?
True
Does 21 divide 886012?
False
Does 426 divide 912066?
True
Does 161 divide 123970?
True
Is 12 a factor of 1777416?
True
Does 121 divide 138182?
True
Does 903 divide 8876739?
False
Is 9 a factor of 901612?
False
Does 108 divide 381140?
False
Is 8 a factor of 372152?
True
Is 958532 a multiple of 7?
False
Is 23 a factor of 787497?
True
Is 194109 a multiple of 89?
True
Is 21 a factor of 2092356?
True
Is 18391 a multiple of 7?
False
Does 756 divide 420020?
False
Is 81 a factor of 662489?
False
Is 447538 a multiple of 51?
False
Is 98001 a multiple of 4?
False
Does 14 divide 10856044?
False
Is 5022 a multiple of 3?
True
Is 11600 a multiple of 16?
True
Is 2 a factor of 1473?
False
Does 370 divide 1779666?
False
Is 113 a factor of 94242?
True
Is 16 a factor of 27228?
False
Is 2715600 a multiple of 100?
True
Is 51 a factor of 182984?
False
Is 8 a factor of 1272552?
True
Is 163 a factor of 5737274?
True
Is 19 a factor of 359651?
True
Does 5 divide 976106?
False
Is 17 a factor of 85417?
False
Is 214313 a multiple of 1647?
False
Does 24 divide 7858698?
False
Is 7 a factor of 3557868?
False
Does 5 divide 1810870?
True
Does 113 divide 209451?
False
Does 54 divide 7379992?
False
Is 1262113 a multiple of 14?
False
Is 438843 a multiple of 57?
True
Is 22764313 a multiple of 11?
True
Is 3 a factor of 8056?
False
Is 1571202 a multiple of 246?
True
Does 72 divide 2929951?
False
Is 316 a factor of 3770196?
True
Does 16 divide 106341?
False
Does 29 divide 1269074?
False
Is 281 a factor of 7061873?
False
Is 605225 a multiple of 43?
True
Is 139 a factor of 809258?
True
Is 19890 a multiple of 6?
True
Does 18 divide 819284?
False
Is 26 a factor of 435788?
False
Does 4 divide 198851?
False
Is 746 a factor of 348767?
False
Does 741 divide 3429849?
False
Is 56 a factor of 751782?
False
Is 11 a factor of 8229045?
True
Does 182 divide 580580?
True
Is 260559 a multiple of 393?
True
Is 349373 a multiple of 18?
False
Is 681850 a multiple of 650?
True
Is 69251 a multiple of 5?
False
Is 36101 a multiple of 30?
False
Is 60396 a multiple of 5?
False
Does 363 divide 1090788?
False
Does 71 divide 325890?
True
Does 12 divide 2429027?
False
Is 214731 a multiple of 33?
True
Does 20 divide 12274540?
True
Is 164 a factor of 701100?
True
Is 59 a factor of 880355?
False
Does 24 divide 7108427?
False
Is 50638 a multiple of 37?
False
Does 24 divide 15552?
True
Is 19116 a multiple of 54?
True
Is 64 a factor of 568876?
False
Is 63470 a multiple of 13?
False
Is 509830 a multiple of 42?
False
Is 2966808 a multiple of 37?
True
Does 154 divide 327712?
True
Does 824 divide 4816061?
False
Is 11858375 a multiple of 95?
True
Is 127084 a multiple of 4?
True
Is 8 a factor of 1530376?
True
Is 216625 a multiple of 132?
False
Is 31789 even?
False
Is 263 a factor of 381550?
False
Does 3 divide 28395?
True
Is 1246465 a multiple of 9?
False
Is 496588 a multiple of 8?
False
Is 1658690 a multiple of 94?
False
Is 3 a factor of 481179?
True
Is 700546 a multiple of 4?
False
Is 6 a factor of 6442182?
True
Does 2 divide 2040464?
True
Is 311690 a multiple of 10?
True
Is 23738 a multiple of 254?
False
Does 19 divide 1716479?
True
Is 908916 a multiple of 599?
False
Does 6 divide 1060488?
True
Is 3 a factor of 21668?
False
Is 542736 a multiple of 16?
True
Is 39 a factor of 3399200?
False
Does 101 divide 38401?
False
Is 1620354 a multiple of 6?
True
Is 201168 a multiple of 254?
True
Is 1044420 a multiple of 676?
True
Does 1958 divide 9907480?
True
Does 2 divide 680022?
True
Is 166 a factor of 666012?
False
Does 23 divide 462254?
True
Does 312 divide 12491474?
False
Is 187928 a multiple of 278?
True
Does 64 divide 241344?
True
Does 25 divide 4750?
True
Is 71860 a multiple of 10?
True
Is 71 a factor of 38695?
True
Is 1159709 a multiple of 41?
False
Does 93 divide 36549?
True
Is 247840 a multiple of 56?
False
Is 8 a factor of 1538274?
False
Is 13473180 a multiple of 126?
True
Does 119 divide 1690743?
False
Is 6228683 a multiple of 14?
False
Is 304 a factor of 50282?
False
Is 7936357 a multiple of 437?
True
Does 7 divide 3472?
True
Is 1247324 a multiple of 42?
False
Is 366509 a multiple of 121?
True
Does 3 divide 350145?
True
Is 751545 a multiple of 171?
True
Is 20 a factor of 228700?
True
Is 15 a factor of 5293980?
True
Is 99 a factor of 1147664?
False
Is 476910 a multiple of 90?
True
Does 8 divide 12962365?
False
Is 1035983 a multiple of 13?
True
Does 402 divide 956760?
True
Is 1144806 a multiple of 29?
False
Is 10669559 a multiple of 42?
False
Is 736396 a multiple of 47?
True
Is 822236 a multiple of 199?
False
Is 164406 a multiple of 144?
False
Is 1684985 a multiple of 225?
False
Is 17 a factor of 110364?
True
Does 14 divide 2662234?
False
Is 235782 a multiple of 11?
False
Is 4038600 a multiple of 530?
True
Is 109 a factor of 2111899?
False
Is 2467330 a multiple of 53?
False
Does 364 divide 1223153?
False
Does 13 divide 67808?
True
Is 231977 a multiple of 229?
True
Is 17 a factor of 3668548?
False
Is 622666 a multiple of 16?
False
Is 997011 a multiple of 6?
False
Does 37 divide 421720?
False
Is 495354 a multiple of 510?
False
Is 151 a factor of 10457958?
True
Is 13 a factor of 6229667?
False
Is 199335 a multiple of 15?
True
Is 126 a factor of 3063405?
False
Is 819126 a multiple of 42?
True
Does 25 divide 331744?
False
Is 80 a factor of 12560?
True
Is 250 a factor of 404690?
False
Is 377451 a multiple of 17?
True
Is 12 a factor of 274201?
False
Is 1130 a factor of 10753669?
False
Does 130 divide 57720?
True
Is 254 a factor of 110756?
False
Is 784749 a multiple of 2?
False
Is 253456 a multiple of 248?
True
Does 27 divide 652257?
False
Is 52512 a multiple of 12?
True
Is 90 a factor of 105210?
True
Is 500716 a multiple of 59?
False
Is 339 a factor of 6096915?
True
Is 5635039 a multiple of 11?
False
Does 18 divide 51318?
True
Does 113 divide 9221?
False
Does 235 divide 608050?
False
Is 2109695 a multiple of 545?
True
Does 102 divide 3581072?
False
Is 138 a factor of 2190336?
True
Does 3 divide 127560?
True
Does 626 divide 915838?
True
Is 16 a factor of 752496?
True
Does 5 divide 67620?
True
Does 57 divide 944091?
True
Is 287504 a multiple of 238?
True
Is 6534708 a multiple of 76?
True
Is 1467096 a multiple of 63?
False
Is 197 a factor of 2104748?
True
Is 4 a factor of 62305?
False
Is 28 a factor of 21664?
False
Is 1651408 a multiple of 210?
False
Does 250 divide 666750?
True
Is 3795922 a multiple of 9?
False
Does 19 divide 396264?
True
Does 14 divide 4026147?
False
Does 3 divide 76457?
False
Is 2296996 a multiple of 271?
True
Does 181 divide 1172337?
True
Is 3265440 a multiple of 60?
True
Is 925394 a multiple of 14?
False
Does 11 divide 1463?
True
Is 209660 a multiple of 5?
True
Is 326 a factor of 160872?
False
Is 489 a factor of 150612?
True
Is 247 a factor of 7476196?
True
Does 58 divide 1939215?
False
Is 177378 a multiple of 74?
True
Does 191 divide 781654?
False
Is 568